{"id":1339,"date":"2022-01-25T14:54:59","date_gmt":"2022-01-25T14:54:59","guid":{"rendered":"https:\/\/cberpsever.pt\/?page_id=1339"},"modified":"2026-07-28T10:23:04","modified_gmt":"2026-07-28T10:23:04","slug":"centro-de-dia-cd","status":"publish","type":"page","link":"https:\/\/cberpsever.pt\/index.php\/centro-de-dia-cd\/","title":{"rendered":"Centro de Dia (CD)"},"content":{"rendered":"\n<p><\/p>\n\n\n<p style=\"text-align: justify;\">A Resposta Social Centro de Dia visa promover a qualidade de vida dos utentes\/clientes, atrav\u00e9s de um acompanhamento espec\u00edfico, para retardar o processo de envelhecimento, preservando e incentivando as rela\u00e7\u00f5es familiares e as rela\u00e7\u00f5es de proximidade com a comunidade.<\/p>\n<p><strong>Proporciona:<\/strong><br \/>&#8211; Alimenta\u00e7\u00e3o (pequeno-almo\u00e7o, almo\u00e7o, lanche e jantar);<br \/>&#8211; Cuidados b\u00e1sicos de higiene e conforto pessoal;<br \/>&#8211; Lavagem e tratamento de roupas de uso pessoal;<br \/>&#8211; Anima\u00e7\u00e3o\/ocupa\u00e7\u00e3o e lazer;<br \/>&#8211; Transporte (de e para a Institui\u00e7\u00e3o)\u2013 Acompanhamento psicossocial;<br \/>&#8211; Disponibiliza\u00e7\u00e3o de informa\u00e7\u00e3o facilitadora do acesso a servi\u00e7os da comunidade adequados \u00e0 satisfa\u00e7\u00e3o de outras necessidades;<br \/>&#8211; Atividades de motricidade e\/ou Fisioterapia;<br \/>&#8211; Hidroterapia;<br \/>&#8211; Atividades em sala snoezelen;<br \/>&#8211; Colabora\u00e7\u00e3o na presta\u00e7\u00e3o de cuidados de sa\u00fade sob supervis\u00e3o de pessoal de sa\u00fade qualificado;<br \/>&#8211; Acompanhamento e transporte a consultas e a exames complementares de diagn\u00f3stico cuidados de enfermagem.<\/p>\n<p><strong>Funcionamento:<br \/><\/strong>Funciona, diariamente, das 9h00 \u00e0s 17h30.<\/p>\n<p><strong>Pode aceder ao regulamento <a href=\"https:\/\/cberpsever.pt\/storage\/2025\/07\/Regulamento-Interno-CD-Atualizado-2025.pdf\" target=\"_blank\" rel=\"noopener\">aqui.<\/a><\/strong><a href=\"https:\/\/cberpsever.pt\/wp-content\/uploads\/2026\/07\/ChatGPT-Image-28_07_2026-11_21_10.png\"><img loading=\"lazy\" decoding=\"async\" src=\"https:\/\/cberpsever.pt\/wp-content\/uploads\/2026\/07\/ChatGPT-Image-28_07_2026-11_21_10.png\" alt=\"\" class=\"aligncenter wp-image-3254 size-full\" width=\"1672\" height=\"940\" srcset=\"https:\/\/cberpsever.pt\/wp-content\/uploads\/2026\/07\/ChatGPT-Image-28_07_2026-11_21_10.png 1672w, https:\/\/cberpsever.pt\/wp-content\/uploads\/2026\/07\/ChatGPT-Image-28_07_2026-11_21_10-300x169.png 300w, https:\/\/cberpsever.pt\/wp-content\/uploads\/2026\/07\/ChatGPT-Image-28_07_2026-11_21_10-1024x576.png 1024w, https:\/\/cberpsever.pt\/wp-content\/uploads\/2026\/07\/ChatGPT-Image-28_07_2026-11_21_10-768x432.png 768w, https:\/\/cberpsever.pt\/wp-content\/uploads\/2026\/07\/ChatGPT-Image-28_07_2026-11_21_10-1536x864.png 1536w\" sizes=\"(max-width: 1672px) 100vw, 1672px\" \/><\/a><\/p>","protected":false},"excerpt":{"rendered":"<p>A Resposta Social Centro de Dia visa promover a qualidade de vida dos utentes\/clientes, atrav\u00e9s de um acompanhamento espec\u00edfico, para retardar o processo de envelhecimento, preservando e incentivando as rela\u00e7\u00f5es familiares e as rela\u00e7\u00f5es de proximidade com a comunidade. Proporciona:&#8211; Alimenta\u00e7\u00e3o (pequeno-almo\u00e7o, almo\u00e7o, lanche e jantar);&#8211; Cuidados b\u00e1sicos de higiene [&hellip;]<\/p>\n","protected":false},"author":1,"featured_media":0,"parent":0,"menu_order":0,"comment_status":"closed","ping_status":"closed","template":"","meta":{"pgc_sgb_lightbox_settings":"","footnotes":""},"class_list":["post-1339","page","type-page","status-publish","hentry"],"_links":{"self":[{"href":"https:\/\/cberpsever.pt\/index.php\/wp-json\/wp\/v2\/pages\/1339"}],"collection":[{"href":"https:\/\/cberpsever.pt\/index.php\/wp-json\/wp\/v2\/pages"}],"about":[{"href":"https:\/\/cberpsever.pt\/index.php\/wp-json\/wp\/v2\/types\/page"}],"author":[{"embeddable":true,"href":"https:\/\/cberpsever.pt\/index.php\/wp-json\/wp\/v2\/users\/1"}],"replies":[{"embeddable":true,"href":"https:\/\/cberpsever.pt\/index.php\/wp-json\/wp\/v2\/comments?post=1339"}],"version-history":[{"count":15,"href":"https:\/\/cberpsever.pt\/index.php\/wp-json\/wp\/v2\/pages\/1339\/revisions"}],"predecessor-version":[{"id":3256,"href":"https:\/\/cberpsever.pt\/index.php\/wp-json\/wp\/v2\/pages\/1339\/revisions\/3256"}],"wp:attachment":[{"href":"https:\/\/cberpsever.pt\/index.php\/wp-json\/wp\/v2\/media?parent=1339"}],"curies":[{"name":"wp","href":"https:\/\/api.w.org\/{rel}","templated":true}]}}

<p></p>


<p style="text-align: justify;">A Resposta Social Centro de Dia visa promover a qualidade de vida dos utentes/clientes, através de um acompanhamento específico, para retardar o processo de envelhecimento, preservando e incentivando as relações familiares e as relações de proximidade com a comunidade.</p>
<p><strong>Proporciona:</strong><br />&#8211; Alimentação (pequeno-almoço, almoço, lanche e jantar);<br />&#8211; Cuidados básicos de higiene e conforto pessoal;<br />&#8211; Lavagem e tratamento de roupas de uso pessoal;<br />&#8211; Animação/ocupação e lazer;<br />&#8211; Transporte (de e para a Instituição)– Acompanhamento psicossocial;<br />&#8211; Disponibilização de informação facilitadora do acesso a serviços da comunidade adequados à satisfação de outras necessidades;<br />&#8211; Atividades de motricidade e/ou Fisioterapia;<br />&#8211; Hidroterapia;<br />&#8211; Atividades em sala snoezelen;<br />&#8211; Colaboração na prestação de cuidados de saúde sob supervisão de pessoal de saúde qualificado;<br />&#8211; Acompanhamento e transporte a consultas e a exames complementares de diagnóstico cuidados de enfermagem.</p>
<p><strong>Funcionamento:<br /></strong>Funciona, diariamente, das 9h00 às 17h30.</p>
<p><strong>Pode aceder ao regulamento <a href="https://cberpsever.pt/storage/2025/07/Regulamento-Interno-CD-Atualizado-2025.pdf" target="_blank" rel="noopener">aqui.</a></strong><a href="https://cberpsever.pt/wp-content/uploads/2026/07/ChatGPT-Image-28_07_2026-11_21_10.png"><img loading="lazy" decoding="async" src="https://cberpsever.pt/wp-content/uploads/2026/07/ChatGPT-Image-28_07_2026-11_21_10.png" alt="" class="aligncenter wp-image-3254 size-full" width="1672" height="940" srcset="https://cberpsever.pt/wp-content/uploads/2026/07/ChatGPT-Image-28_07_2026-11_21_10.png 1672w, https://cberpsever.pt/wp-content/uploads/2026/07/ChatGPT-Image-28_07_2026-11_21_10-300x169.png 300w, https://cberpsever.pt/wp-content/uploads/2026/07/ChatGPT-Image-28_07_2026-11_21_10-1024x576.png 1024w, https://cberpsever.pt/wp-content/uploads/2026/07/ChatGPT-Image-28_07_2026-11_21_10-768x432.png 768w, https://cberpsever.pt/wp-content/uploads/2026/07/ChatGPT-Image-28_07_2026-11_21_10-1536x864.png 1536w" sizes="(max-width: 1672px) 100vw, 1672px" /></a></p>

<p>A Resposta Social Centro de Dia visa promover a qualidade de vida dos utentes/clientes, através de um acompanhamento específico, para retardar o processo de envelhecimento, preservando e incentivando as relações familiares e as relações de proximidade com a comunidade. Proporciona:&#8211; Alimentação (pequeno-almoço, almoço, lanche e jantar);&#8211; Cuidados básicos de higiene [&hellip;]</p>
