{"id":1435,"date":"2022-01-26T11:36:05","date_gmt":"2022-01-26T11:36:05","guid":{"rendered":"https:\/\/cberpsever.pt\/?page_id=1435"},"modified":"2022-01-27T12:47:15","modified_gmt":"2022-01-27T12:47:15","slug":"codigos","status":"publish","type":"page","link":"https:\/\/cberpsever.pt\/index.php\/codigos\/","title":{"rendered":"C\u00f3digos"},"content":{"rendered":"\n<div class=\"wp-block-columns is-layout-flex wp-container-core-columns-is-layout-1 wp-block-columns-is-layout-flex\">\n<div class=\"wp-block-column is-layout-flow wp-block-column-is-layout-flow\">\n<figure class=\"wp-block-image size-full\"><a href=\"https:\/\/cberpsever.pt\/wp-content\/uploads\/2017\/07\/C%C3%93DIGO-DE-BOA-CONDUTA-VS-6.pdf\" target=\"_blank\" rel=\"noopener\"><img loading=\"lazy\" decoding=\"async\" width=\"549\" height=\"775\" src=\"https:\/\/cberpsever.pt\/wp-content\/uploads\/2022\/01\/capa_prvencao_e_combate_ao_assedio_no_trabalho.jpg\" alt=\"\" class=\"wp-image-1576\" srcset=\"https:\/\/cberpsever.pt\/wp-content\/uploads\/2022\/01\/capa_prvencao_e_combate_ao_assedio_no_trabalho.jpg 549w, https:\/\/cberpsever.pt\/wp-content\/uploads\/2022\/01\/capa_prvencao_e_combate_ao_assedio_no_trabalho-213x300.jpg 213w\" sizes=\"(max-width: 549px) 100vw, 549px\" \/><\/a><figcaption><a href=\"https:\/\/cberpsever.pt\/wp-content\/uploads\/2017\/07\/C%C3%93DIGO-DE-BOA-CONDUTA-VS-6.pdf\" target=\"_blank\" rel=\"noreferrer noopener\">Preven\u00e7\u00e3o e Combate ao Ass\u00e9dio no Trabalho<\/a><\/figcaption><\/figure>\n<\/div>\n\n\n\n<div class=\"wp-block-column is-layout-flow wp-block-column-is-layout-flow\">\n<figure class=\"wp-block-image size-full\"><a href=\"https:\/\/cberpsever.pt\/wp-content\/uploads\/2018\/11\/C%C3%93DIGO-DE-%C3%89TICA-e-CONDUTA-vs-4.0.pdf\" target=\"_blank\" rel=\"noopener\"><img loading=\"lazy\" decoding=\"async\" width=\"549\" height=\"783\" src=\"https:\/\/cberpsever.pt\/wp-content\/uploads\/2022\/01\/capa_etica_e_conduta.jpg\" alt=\"\" class=\"wp-image-1579\" srcset=\"https:\/\/cberpsever.pt\/wp-content\/uploads\/2022\/01\/capa_etica_e_conduta.jpg 549w, https:\/\/cberpsever.pt\/wp-content\/uploads\/2022\/01\/capa_etica_e_conduta-210x300.jpg 210w\" sizes=\"(max-width: 549px) 100vw, 549px\" \/><\/a><figcaption><a rel=\"noreferrer noopener\" href=\"https:\/\/cberpsever.pt\/wp-content\/uploads\/2018\/11\/C%C3%93DIGO-DE-%C3%89TICA-e-CONDUTA-vs-4.0.pdf\" target=\"_blank\">\u00c9tica e Conduta<\/a><\/figcaption><\/figure>\n<\/div>\n\n\n\n<div class=\"wp-block-column is-layout-flow wp-block-column-is-layout-flow\"><\/div>\n<\/div>\n","protected":false},"excerpt":{"rendered":"","protected":false},"author":1,"featured_media":0,"parent":0,"menu_order":0,"comment_status":"closed","ping_status":"closed","template":"","meta":{"pgc_sgb_lightbox_settings":"","footnotes":""},"class_list":["post-1435","page","type-page","status-publish","hentry"],"_links":{"self":[{"href":"https:\/\/cberpsever.pt\/index.php\/wp-json\/wp\/v2\/pages\/1435"}],"collection":[{"href":"https:\/\/cberpsever.pt\/index.php\/wp-json\/wp\/v2\/pages"}],"about":[{"href":"https:\/\/cberpsever.pt\/index.php\/wp-json\/wp\/v2\/types\/page"}],"author":[{"embeddable":true,"href":"https:\/\/cberpsever.pt\/index.php\/wp-json\/wp\/v2\/users\/1"}],"replies":[{"embeddable":true,"href":"https:\/\/cberpsever.pt\/index.php\/wp-json\/wp\/v2\/comments?post=1435"}],"version-history":[{"count":4,"href":"https:\/\/cberpsever.pt\/index.php\/wp-json\/wp\/v2\/pages\/1435\/revisions"}],"predecessor-version":[{"id":1582,"href":"https:\/\/cberpsever.pt\/index.php\/wp-json\/wp\/v2\/pages\/1435\/revisions\/1582"}],"wp:attachment":[{"href":"https:\/\/cberpsever.pt\/index.php\/wp-json\/wp\/v2\/media?parent=1435"}],"curies":[{"name":"wp","href":"https:\/\/api.w.org\/{rel}","templated":true}]}}

Códigos

<div class="wp-block-columns is-layout-flex wp-container-core-columns-is-layout-1 wp-block-columns-is-layout-flex">
<div class="wp-block-column is-layout-flow wp-block-column-is-layout-flow">
<figure class="wp-block-image size-full"><a href="https://cberpsever.pt/wp-content/uploads/2017/07/C%C3%93DIGO-DE-BOA-CONDUTA-VS-6.pdf" target="_blank" rel="noopener"><img loading="lazy" decoding="async" width="549" height="775" src="https://cberpsever.pt/wp-content/uploads/2022/01/capa_prvencao_e_combate_ao_assedio_no_trabalho.jpg" alt="" class="wp-image-1576" srcset="https://cberpsever.pt/wp-content/uploads/2022/01/capa_prvencao_e_combate_ao_assedio_no_trabalho.jpg 549w, https://cberpsever.pt/wp-content/uploads/2022/01/capa_prvencao_e_combate_ao_assedio_no_trabalho-213x300.jpg 213w" sizes="(max-width: 549px) 100vw, 549px" /></a><figcaption><a href="https://cberpsever.pt/wp-content/uploads/2017/07/C%C3%93DIGO-DE-BOA-CONDUTA-VS-6.pdf" target="_blank" rel="noreferrer noopener">Prevenção e Combate ao Assédio no Trabalho</a></figcaption></figure>
</div>



<div class="wp-block-column is-layout-flow wp-block-column-is-layout-flow">
<figure class="wp-block-image size-full"><a href="https://cberpsever.pt/wp-content/uploads/2018/11/C%C3%93DIGO-DE-%C3%89TICA-e-CONDUTA-vs-4.0.pdf" target="_blank" rel="noopener"><img loading="lazy" decoding="async" width="549" height="783" src="https://cberpsever.pt/wp-content/uploads/2022/01/capa_etica_e_conduta.jpg" alt="" class="wp-image-1579" srcset="https://cberpsever.pt/wp-content/uploads/2022/01/capa_etica_e_conduta.jpg 549w, https://cberpsever.pt/wp-content/uploads/2022/01/capa_etica_e_conduta-210x300.jpg 210w" sizes="(max-width: 549px) 100vw, 549px" /></a><figcaption><a rel="noreferrer noopener" href="https://cberpsever.pt/wp-content/uploads/2018/11/C%C3%93DIGO-DE-%C3%89TICA-e-CONDUTA-vs-4.0.pdf" target="_blank">Ética e Conduta</a></figcaption></figure>
</div>



<div class="wp-block-column is-layout-flow wp-block-column-is-layout-flow"></div>
</div>
