{"id":1467,"date":"2022-01-26T13:29:07","date_gmt":"2022-01-26T13:29:07","guid":{"rendered":"https:\/\/cberpsever.pt\/?page_id=1467"},"modified":"2026-04-17T10:23:26","modified_gmt":"2026-04-17T10:23:26","slug":"consignacao-do-irs","status":"publish","type":"page","link":"https:\/\/cberpsever.pt\/index.php\/consignacao-do-irs\/","title":{"rendered":"Consigna\u00e7\u00e3o do IRS"},"content":{"rendered":"<p><strong>A Consigna\u00e7\u00e3o de 1% do IRS<\/strong><\/p>\n<p>Com um gesto simples e sem nenhuma implica\u00e7\u00e3o para o IRS, qualquer contribuinte pode ajudar quem precisa. Ajudem o CBERPSEVER com o <strong>NIF 505695367<\/strong>.<br \/><strong><\/strong><\/p>\n<p style=\"text-align: justify;\"><strong>Como consignar o IRS?<\/strong><br \/><u>At\u00e9 30 de Junho<\/u><br \/>A escolha da entidade pretendida \u00e9 realizada no Portal das Finan\u00e7as, em \u201cComunicar entidade a consignar IRS\/IVA\u201d. Para proceder \u00e0 indica\u00e7\u00e3o dos dados da entidade \u00e0 qual pretende consignar o IRS clique no bot\u00e3o de \u201cPesquisa\u201d junto ao campo do NIF e selecione a que pretende dentro da lista de entidades eleg\u00edveis. Selecione: 505695367 CENTRO DE BEM ESTAR E REPOUSO DA PAR\u00d3QUIA DE SEVER&#8221;<\/p>\n<p><img loading=\"lazy\" decoding=\"async\" src=\"https:\/\/cberpsever.pt\/wp-content\/uploads\/2022\/01\/IRS-3-1024x555.png\" alt=\"\" class=\"aligncenter wp-image-1539 size-large\" width=\"750\" height=\"406\" srcset=\"https:\/\/cberpsever.pt\/wp-content\/uploads\/2022\/01\/IRS-3-1024x555.png 1024w, https:\/\/cberpsever.pt\/wp-content\/uploads\/2022\/01\/IRS-3-300x163.png 300w, https:\/\/cberpsever.pt\/wp-content\/uploads\/2022\/01\/IRS-3-768x416.png 768w, https:\/\/cberpsever.pt\/wp-content\/uploads\/2022\/01\/IRS-3.png 1090w\" sizes=\"(max-width: 750px) 100vw, 750px\" \/><\/p>\n<p><u>De 1 de abril a 30 de junho<\/u><\/p>\n<p>A sele\u00e7\u00e3o da entidade pode ser efetuada no IRS Autom\u00e1tico ou na declara\u00e7\u00e3o de rendimentos (Modelo 3). Em qualquer dos casos \u00e9 necess\u00e1rio indicar:<\/p>\n<ul>\n<li><em>Tipo de entidade que pretende apoiar<\/em>. Existem quatro op\u00e7\u00f5es: Institui\u00e7\u00f5es particulares de solidariedade social, Institui\u00e7\u00f5es religiosas, Pessoas coletivas de utilidade p\u00fablica (incluindo com fins ambientais) e Institui\u00e7\u00f5es culturais. <strong>Selecione: <\/strong>Institui\u00e7\u00f5es Particulares de Solidariedade Social<\/li>\n<li><em>NIF da entidade<\/em>. <strong>Indique<\/strong>: <strong>505695367<\/strong><\/li>\n<li><em>O tipo de consigna\u00e7\u00e3o<\/em>: \u201cIRS\u201d ou \u201cIVA\u201d ou as duas<strong>. Selecione<\/strong> IRS<\/li>\n<\/ul>\n<p><strong>IRS Autom\u00e1tico<\/strong><br \/>No IRS Autom\u00e1tico, a consigna\u00e7\u00e3o \u00e9 efetuada na \u00e1rea \u201cPr\u00e9 liquida\u00e7\u00e3o\u201d.<\/p>\n<p><img loading=\"lazy\" decoding=\"async\" src=\"https:\/\/cberpsever.pt\/wp-content\/uploads\/2022\/01\/IRS-2-2.png\" alt=\"\" class=\"aligncenter wp-image-1534 size-full\" width=\"570\" height=\"402\" srcset=\"https:\/\/cberpsever.pt\/wp-content\/uploads\/2022\/01\/IRS-2-2.png 570w, https:\/\/cberpsever.pt\/wp-content\/uploads\/2022\/01\/IRS-2-2-300x212.png 300w\" sizes=\"(max-width: 570px) 100vw, 570px\" \/><br \/><strong>Modelo 3<\/strong><br \/>Na declara\u00e7\u00e3o de rendimentos Modelo 3, a consigna\u00e7\u00e3o realiza-se no quadro 11 da folha de rosto.<\/p>\n<p><img loading=\"lazy\" decoding=\"async\" src=\"https:\/\/cberpsever.pt\/wp-content\/uploads\/2022\/01\/IRS-2-3.png\" alt=\"\" class=\"aligncenter wp-image-1535 size-full\" width=\"570\" height=\"402\" srcset=\"https:\/\/cberpsever.pt\/wp-content\/uploads\/2022\/01\/IRS-2-3.png 570w, https:\/\/cberpsever.pt\/wp-content\/uploads\/2022\/01\/IRS-2-3-300x212.png 300w\" sizes=\"(max-width: 570px) 100vw, 570px\" \/><br \/><strong>N\u00e3o se esque\u00e7a\u2026<\/strong><br \/>Na entrega do IRS de 2025, em 2026, seja solid\u00e1rio. Consigne 1% do seu IRS . N\u00e3o lhe custa nada e ajuda quem mais precisa. <strong>O NIF do Centro de Bem Estar e Repouso da Par\u00f3quia de Sever \u00e9 <\/strong><strong>505695367.<\/strong><\/p>\n\n\n<p><\/p>\n","protected":false},"excerpt":{"rendered":"<p>A Consigna\u00e7\u00e3o de 1% do IRS Com um gesto simples e sem nenhuma implica\u00e7\u00e3o para o IRS, qualquer contribuinte pode ajudar quem precisa. Ajudem o CBERPSEVER com o NIF 505695367. Como consignar o IRS?At\u00e9 30 de JunhoA escolha da entidade pretendida \u00e9 realizada no Portal das Finan\u00e7as, em \u201cComunicar entidade [&hellip;]<\/p>\n","protected":false},"author":1,"featured_media":0,"parent":0,"menu_order":0,"comment_status":"closed","ping_status":"closed","template":"","meta":{"pgc_sgb_lightbox_settings":"","footnotes":""},"class_list":["post-1467","page","type-page","status-publish","hentry"],"_links":{"self":[{"href":"https:\/\/cberpsever.pt\/index.php\/wp-json\/wp\/v2\/pages\/1467"}],"collection":[{"href":"https:\/\/cberpsever.pt\/index.php\/wp-json\/wp\/v2\/pages"}],"about":[{"href":"https:\/\/cberpsever.pt\/index.php\/wp-json\/wp\/v2\/types\/page"}],"author":[{"embeddable":true,"href":"https:\/\/cberpsever.pt\/index.php\/wp-json\/wp\/v2\/users\/1"}],"replies":[{"embeddable":true,"href":"https:\/\/cberpsever.pt\/index.php\/wp-json\/wp\/v2\/comments?post=1467"}],"version-history":[{"count":18,"href":"https:\/\/cberpsever.pt\/index.php\/wp-json\/wp\/v2\/pages\/1467\/revisions"}],"predecessor-version":[{"id":3155,"href":"https:\/\/cberpsever.pt\/index.php\/wp-json\/wp\/v2\/pages\/1467\/revisions\/3155"}],"wp:attachment":[{"href":"https:\/\/cberpsever.pt\/index.php\/wp-json\/wp\/v2\/media?parent=1467"}],"curies":[{"name":"wp","href":"https:\/\/api.w.org\/{rel}","templated":true}]}}