{"id":1482,"date":"2022-01-26T14:20:06","date_gmt":"2022-01-26T14:20:06","guid":{"rendered":"https:\/\/cberpsever.pt\/?page_id=1482"},"modified":"2022-01-27T12:49:07","modified_gmt":"2022-01-27T12:49:07","slug":"manuais","status":"publish","type":"page","link":"https:\/\/cberpsever.pt\/index.php\/manuais\/","title":{"rendered":"Manuais"},"content":{"rendered":"\n<div class=\"wp-block-columns is-layout-flex wp-container-core-columns-is-layout-2 wp-block-columns-is-layout-flex\">\n<div class=\"wp-block-column is-layout-flow wp-block-column-is-layout-flow\" style=\"flex-basis:100%\">\n<div class=\"wp-block-group alignwide\"><div class=\"wp-block-group__inner-container is-layout-flow wp-block-group-is-layout-flow\">\n<div class=\"wp-block-columns alignwide are-vertically-aligned-center is-layout-flex wp-container-core-columns-is-layout-1 wp-block-columns-is-layout-flex\">\n<div class=\"wp-block-column is-layout-flow wp-block-column-is-layout-flow\" style=\"flex-basis:50%\"><\/div>\n\n\n\n<div class=\"wp-block-column is-layout-flow wp-block-column-is-layout-flow\" style=\"flex-basis:50%\"><\/div>\n<\/div>\n<\/div><\/div>\n<\/div>\n<\/div>\n\n\n\n<div class=\"wp-block-columns is-layout-flex wp-container-core-columns-is-layout-3 wp-block-columns-is-layout-flex\">\n<div class=\"wp-block-column is-layout-flow wp-block-column-is-layout-flow\">\n<figure class=\"wp-block-image size-full\"><a href=\"https:\/\/cberpsever.pt\/wp-content\/uploads\/2022\/01\/Manual-de-Gestao-e-Prevencao-de-Maus-Tratos-a-Idosos.pdf\" target=\"_blank\" rel=\"noopener\"><img loading=\"lazy\" decoding=\"async\" width=\"619\" height=\"807\" src=\"https:\/\/cberpsever.pt\/wp-content\/uploads\/2022\/01\/capa_manua_de_gestao_de_maus_tratos_a_idosos-3.jpg\" alt=\"\" class=\"wp-image-1583\" srcset=\"https:\/\/cberpsever.pt\/wp-content\/uploads\/2022\/01\/capa_manua_de_gestao_de_maus_tratos_a_idosos-3.jpg 619w, https:\/\/cberpsever.pt\/wp-content\/uploads\/2022\/01\/capa_manua_de_gestao_de_maus_tratos_a_idosos-3-230x300.jpg 230w\" sizes=\"(max-width: 619px) 100vw, 619px\" \/><\/a><figcaption><a rel=\"noreferrer noopener\" href=\"https:\/\/cberpsever.pt\/wp-content\/uploads\/2022\/01\/Manual-de-Gestao-e-Prevencao-de-Maus-Tratos-a-Idosos.pdf\" target=\"_blank\">Gest\u00e3o e Preven\u00e7\u00e3o de Maus Tratos a Idosos<\/a><\/figcaption><\/figure>\n<\/div>\n\n\n\n<div class=\"wp-block-column is-layout-flow wp-block-column-is-layout-flow\"><\/div>\n\n\n\n<div class=\"wp-block-column is-layout-flow wp-block-column-is-layout-flow\"><\/div>\n<\/div>\n","protected":false},"excerpt":{"rendered":"","protected":false},"author":1,"featured_media":0,"parent":0,"menu_order":0,"comment_status":"closed","ping_status":"closed","template":"","meta":{"pgc_sgb_lightbox_settings":"","footnotes":""},"class_list":["post-1482","page","type-page","status-publish","hentry"],"_links":{"self":[{"href":"https:\/\/cberpsever.pt\/index.php\/wp-json\/wp\/v2\/pages\/1482"}],"collection":[{"href":"https:\/\/cberpsever.pt\/index.php\/wp-json\/wp\/v2\/pages"}],"about":[{"href":"https:\/\/cberpsever.pt\/index.php\/wp-json\/wp\/v2\/types\/page"}],"author":[{"embeddable":true,"href":"https:\/\/cberpsever.pt\/index.php\/wp-json\/wp\/v2\/users\/1"}],"replies":[{"embeddable":true,"href":"https:\/\/cberpsever.pt\/index.php\/wp-json\/wp\/v2\/comments?post=1482"}],"version-history":[{"count":7,"href":"https:\/\/cberpsever.pt\/index.php\/wp-json\/wp\/v2\/pages\/1482\/revisions"}],"predecessor-version":[{"id":1585,"href":"https:\/\/cberpsever.pt\/index.php\/wp-json\/wp\/v2\/pages\/1482\/revisions\/1585"}],"wp:attachment":[{"href":"https:\/\/cberpsever.pt\/index.php\/wp-json\/wp\/v2\/media?parent=1482"}],"curies":[{"name":"wp","href":"https:\/\/api.w.org\/{rel}","templated":true}]}}